{"id":178,"date":"2025-05-01T17:28:08","date_gmt":"2025-05-01T15:28:08","guid":{"rendered":"https:\/\/remed.webs.upv.es\/cimed2025\/?page_id=178"},"modified":"2025-09-14T19:35:59","modified_gmt":"2025-09-14T17:35:59","slug":"eloisa-perez-santos","status":"publish","type":"page","link":"https:\/\/remed.webs.upv.es\/cimed2025\/organizacion\/eloisa-perez-santos\/","title":{"rendered":"Elo\u00edsa P\u00e9rez Santos"},"content":{"rendered":"\t\t<div data-elementor-type=\"wp-post\" data-elementor-id=\"178\" class=\"elementor elementor-178\">\n\t\t\t\t<div class=\"elementor-element elementor-element-a57bbea e-flex e-con-boxed e-con e-parent\" data-id=\"a57bbea\" data-element_type=\"container\" data-e-type=\"container\">\n\t\t\t\t\t<div class=\"e-con-inner\">\n\t\t\t\t<div class=\"elementor-element elementor-element-28a3e45 elementor-widget elementor-widget-image\" data-id=\"28a3e45\" data-element_type=\"widget\" data-e-type=\"widget\" data-widget_type=\"image.default\">\n\t\t\t\t<div class=\"elementor-widget-container\">\n\t\t\t\t\t\t\t\t\t\t\t\t\t\t\t<img fetchpriority=\"high\" decoding=\"async\" width=\"200\" height=\"300\" src=\"https:\/\/remed.webs.upv.es\/cimed2025\/wp-content\/uploads\/sites\/13\/2025\/05\/foto-Eloisa-Perez-Santos-2-200x300.png\" class=\"attachment-medium size-medium wp-image-249\" alt=\"\" srcset=\"https:\/\/remed.webs.upv.es\/cimed2025\/wp-content\/uploads\/sites\/13\/2025\/05\/foto-Eloisa-Perez-Santos-2-200x300.png 200w, https:\/\/remed.webs.upv.es\/cimed2025\/wp-content\/uploads\/sites\/13\/2025\/05\/foto-Eloisa-Perez-Santos-2.png 317w\" sizes=\"(max-width: 200px) 100vw, 200px\" \/>\t\t\t\t\t\t\t\t\t\t\t\t\t\t\t<\/div>\n\t\t\t\t<\/div>\n\t\t\t\t<div class=\"elementor-element elementor-element-5daffd3 elementor-widget elementor-widget-heading\" data-id=\"5daffd3\" data-element_type=\"widget\" data-e-type=\"widget\" data-widget_type=\"heading.default\">\n\t\t\t\t<div class=\"elementor-widget-container\">\n\t\t\t\t\t<h2 class=\"elementor-heading-title elementor-size-default\">Elo\u00edsa P\u00e9rez Santos<\/h2>\t\t\t\t<\/div>\n\t\t\t\t<\/div>\n\t\t\t\t<div class=\"elementor-element elementor-element-bd8678e elementor-widget elementor-widget-text-editor\" data-id=\"bd8678e\" data-element_type=\"widget\" data-e-type=\"widget\" data-widget_type=\"text-editor.default\">\n\t\t\t\t<div class=\"elementor-widget-container\">\n\t\t\t\t\t\t\t\t\t<p data-start=\"74\" data-end=\"2075\"><strong data-start=\"74\" data-end=\"202\">Profesora de la Universidad Complutense de Madrid, co-directora del grupo de investigaci\u00f3n \u201cGesti\u00f3n del Patrimonio Cultural\u201d<\/strong> (<a class=\"cursor-pointer\" target=\"_new\" rel=\"noopener\" data-start=\"204\" data-end=\"252\">https:\/\/www.ucm.es\/gpc<\/a>). Docente y coordinadora del M\u00f3dulo de Uso Social del Patrimonio en el \u201cM\u00e1ster Interuniversitario de Patrimonio Cultural en el siglo XXI: gesti\u00f3n e investigaci\u00f3n\u201d de la UCM.<\/p><p data-start=\"74\" data-end=\"2075\">Experta en <strong data-start=\"440\" data-end=\"546\">evaluaci\u00f3n y estudios de p\u00fablico en museos y otros contextos de interpretaci\u00f3n del patrimonio cultural<\/strong>, ha sido investigadora en distintos proyectos nacionales e internacionales, donde destacan I+D+i PUBLICUM: P\u00fablicos en transformaci\u00f3n y \u201cCuidados, Personas y Arqueolog\u00eda en un mundo resiliente: innovando desde los procesos comunitarios y el trabajo en red en patrimonio cultural y museos para el contexto latino: CIPAMUR\u201d).<br data-start=\"870\" data-end=\"873\" \/>Impulsora y coordinadora cient\u00edfica del <strong data-start=\"913\" data-end=\"986\">Laboratorio Permanente de P\u00fablico de Museos del Ministerio de Cultura<\/strong>, donde ha dirigido m\u00e1s de una veintena de investigaciones sobre p\u00fablicos y evaluaciones de programas sociales y educativos en los museos estatales espa\u00f1oles.<\/p><p data-start=\"74\" data-end=\"2075\">Ha coordinado investigaciones en el \u00e1mbito iberoamericano, como <strong data-start=\"1211\" data-end=\"1309\">\u201cAn\u00e1lisis del p\u00fablico de los centros culturales de Espa\u00f1a en Iberoam\u00e9rica y Guinea Ecuatorial\u201d<\/strong> (2010) para la AECID (Ministerio de Asuntos Exteriores) y <strong data-start=\"1368\" data-end=\"1413\">\u201cSistema de recogida de datos de p\u00fablico\u201d<\/strong> (2016), para el Observatorio Iberoamericano de Museos y, m\u00e1s recientemente, ha formado parte del grupo de expertos asesores para el eje de evaluaci\u00f3n de pol\u00edticas culturales en el proceso participativo para el desarrollo del nuevo <strong data-start=\"1645\" data-end=\"1702\">Plan de Derechos culturales del Ministerio de Cultura<\/strong> y ha colaborado en investigaciones sobre percepci\u00f3n social del patrimonio cultural para el Ayuntamiento de Madrid o la Fundaci\u00f3n San Mill\u00e1n de la Cogolla. Es integrante del <strong data-start=\"1876\" data-end=\"1922\">Foro de Estudios de P\u00fablico Iberoamericano<\/strong>, una plataforma digital de di\u00e1logo y socializaci\u00f3n integrada por profesionales e investigadores\/as de Estudios de P\u00fablico en el contexto iberoamericano.<\/p><p><a href=\"http:\/\/orcid.org\/0000-0003-3852-3328\"><span data-contrast=\"auto\">orcid.org\/0000-0003-3852-3328<\/span><span data-ccp-props=\"{&quot;134233117&quot;:false,&quot;134233118&quot;:false,&quot;201341983&quot;:0,&quot;335557856&quot;:16777215,&quot;335559738&quot;:0,&quot;335559739&quot;:0,&quot;335559740&quot;:240}\">\u00a0<\/span><\/a><\/p><p><a href=\"https:\/\/remed.webs.upv.es\/cimed2025\/programa\/\/#ponentes_colaboracion\">Elo\u00edsa P\u00e9rez Santos en CIMED 25<\/a><\/p>\t\t\t\t\t\t\t\t<\/div>\n\t\t\t\t<\/div>\n\t\t\t\t\t<\/div>\n\t\t\t\t<\/div>\n\t\t\t\t<\/div>\n\t\t","protected":false},"excerpt":{"rendered":"<p>Elo\u00edsa P\u00e9rez Santos Profesora de la Universidad Complutense de Madrid, co-directora del grupo de investigaci\u00f3n \u201cGesti\u00f3n del Patrimonio Cultural\u201d (https:\/\/www.ucm.es\/gpc). [&hellip;]<\/p>\n","protected":false},"author":18,"featured_media":0,"parent":6,"menu_order":0,"comment_status":"closed","ping_status":"closed","template":"","meta":{"site-sidebar-layout":"no-sidebar","site-content-layout":"","ast-site-content-layout":"full-width-container","site-content-style":"default","site-sidebar-style":"default","ast-global-header-display":"","ast-banner-title-visibility":"","ast-main-header-display":"","ast-hfb-above-header-display":"","ast-hfb-below-header-display":"","ast-hfb-mobile-header-display":"","site-post-title":"disabled","ast-breadcrumbs-content":"","ast-featured-img":"disabled","footer-sml-layout":"","ast-disable-related-posts":"","theme-transparent-header-meta":"","adv-header-id-meta":"","stick-header-meta":"","header-above-stick-meta":"","header-main-stick-meta":"","header-below-stick-meta":"","astra-migrate-meta-layouts":"default","ast-page-background-enabled":"default","ast-page-background-meta":{"desktop":{"background-color":"var(--ast-global-color-4)","background-image":"","background-repeat":"repeat","background-position":"center center","background-size":"auto","background-attachment":"scroll","background-type":"","background-media":"","overlay-type":"","overlay-color":"","overlay-opacity":"","overlay-gradient":""},"tablet":{"background-color":"","background-image":"","background-repeat":"repeat","background-position":"center center","background-size":"auto","background-attachment":"scroll","background-type":"","background-media":"","overlay-type":"","overlay-color":"","overlay-opacity":"","overlay-gradient":""},"mobile":{"background-color":"","background-image":"","background-repeat":"repeat","background-position":"center center","background-size":"auto","background-attachment":"scroll","background-type":"","background-media":"","overlay-type":"","overlay-color":"","overlay-opacity":"","overlay-gradient":""}},"ast-content-background-meta":{"desktop":{"background-color":"var(--ast-global-color-5)","background-image":"","background-repeat":"repeat","background-position":"center center","background-size":"auto","background-attachment":"scroll","background-type":"","background-media":"","overlay-type":"","overlay-color":"","overlay-opacity":"","overlay-gradient":""},"tablet":{"background-color":"var(--ast-global-color-5)","background-image":"","background-repeat":"repeat","background-position":"center center","background-size":"auto","background-attachment":"scroll","background-type":"","background-media":"","overlay-type":"","overlay-color":"","overlay-opacity":"","overlay-gradient":""},"mobile":{"background-color":"var(--ast-global-color-5)","background-image":"","background-repeat":"repeat","background-position":"center center","background-size":"auto","background-attachment":"scroll","background-type":"","background-media":"","overlay-type":"","overlay-color":"","overlay-opacity":"","overlay-gradient":""}},"footnotes":""},"class_list":["post-178","page","type-page","status-publish","hentry"],"_links":{"self":[{"href":"https:\/\/remed.webs.upv.es\/cimed2025\/wp-json\/wp\/v2\/pages\/178","targetHints":{"allow":["GET"]}}],"collection":[{"href":"https:\/\/remed.webs.upv.es\/cimed2025\/wp-json\/wp\/v2\/pages"}],"about":[{"href":"https:\/\/remed.webs.upv.es\/cimed2025\/wp-json\/wp\/v2\/types\/page"}],"author":[{"embeddable":true,"href":"https:\/\/remed.webs.upv.es\/cimed2025\/wp-json\/wp\/v2\/users\/18"}],"replies":[{"embeddable":true,"href":"https:\/\/remed.webs.upv.es\/cimed2025\/wp-json\/wp\/v2\/comments?post=178"}],"version-history":[{"count":29,"href":"https:\/\/remed.webs.upv.es\/cimed2025\/wp-json\/wp\/v2\/pages\/178\/revisions"}],"predecessor-version":[{"id":2330,"href":"https:\/\/remed.webs.upv.es\/cimed2025\/wp-json\/wp\/v2\/pages\/178\/revisions\/2330"}],"up":[{"embeddable":true,"href":"https:\/\/remed.webs.upv.es\/cimed2025\/wp-json\/wp\/v2\/pages\/6"}],"wp:attachment":[{"href":"https:\/\/remed.webs.upv.es\/cimed2025\/wp-json\/wp\/v2\/media?parent=178"}],"curies":[{"name":"wp","href":"https:\/\/api.w.org\/{rel}","templated":true}]}}