{"id":166,"date":"2025-04-29T18:53:50","date_gmt":"2025-04-29T16:53:50","guid":{"rendered":"https:\/\/remed.webs.upv.es\/cimed2025\/?page_id=166"},"modified":"2025-05-02T00:03:35","modified_gmt":"2025-05-01T22:03:35","slug":"americo-castilla","status":"publish","type":"page","link":"https:\/\/remed.webs.upv.es\/cimed2025\/organizacion\/americo-castilla\/","title":{"rendered":"Am\u00e9rico Castilla"},"content":{"rendered":"\t\t<div data-elementor-type=\"wp-post\" data-elementor-id=\"166\" class=\"elementor elementor-166\">\n\t\t\t\t<div class=\"elementor-element elementor-element-5a49a63 e-flex e-con-boxed e-con e-parent\" data-id=\"5a49a63\" data-element_type=\"container\" data-e-type=\"container\">\n\t\t\t\t\t<div class=\"e-con-inner\">\n\t\t\t\t<div class=\"elementor-element elementor-element-bc022fc elementor-widget elementor-widget-image\" data-id=\"bc022fc\" data-element_type=\"widget\" data-e-type=\"widget\" data-widget_type=\"image.default\">\n\t\t\t\t<div class=\"elementor-widget-container\">\n\t\t\t\t\t\t\t\t\t\t\t\t\t\t\t<img fetchpriority=\"high\" decoding=\"async\" width=\"300\" height=\"300\" src=\"https:\/\/remed.webs.upv.es\/cimed2025\/wp-content\/uploads\/sites\/13\/2024\/09\/americo_organizacion.jpg\" class=\"attachment-large size-large wp-image-21\" alt=\"\" srcset=\"https:\/\/remed.webs.upv.es\/cimed2025\/wp-content\/uploads\/sites\/13\/2024\/09\/americo_organizacion.jpg 300w, https:\/\/remed.webs.upv.es\/cimed2025\/wp-content\/uploads\/sites\/13\/2024\/09\/americo_organizacion-150x150.jpg 150w\" sizes=\"(max-width: 300px) 100vw, 300px\" \/>\t\t\t\t\t\t\t\t\t\t\t\t\t\t\t<\/div>\n\t\t\t\t<\/div>\n\t\t\t\t<div class=\"elementor-element elementor-element-4780497 elementor-widget elementor-widget-heading\" data-id=\"4780497\" data-element_type=\"widget\" data-e-type=\"widget\" data-widget_type=\"heading.default\">\n\t\t\t\t<div class=\"elementor-widget-container\">\n\t\t\t\t\t<h2 class=\"elementor-heading-title elementor-size-default\">Am\u00e9rico Castilla<\/h2>\t\t\t\t<\/div>\n\t\t\t\t<\/div>\n\t\t\t\t<div class=\"elementor-element elementor-element-3ec8a4a elementor-widget elementor-widget-text-editor\" data-id=\"3ec8a4a\" data-element_type=\"widget\" data-e-type=\"widget\" data-widget_type=\"text-editor.default\">\n\t\t\t\t<div class=\"elementor-widget-container\">\n\t\t\t\t\t\t\t\t\t<p><b><span data-contrast=\"auto\">Am\u00e9rico Castilla <\/span><\/b><span data-contrast=\"auto\">(Argentina)\u202f<\/span><span data-contrast=\"auto\">es el director y creador de la\u202f<\/span><a href=\"https:\/\/www.typa.org.ar\/es\/index.php\"><span data-contrast=\"auto\">Fundaci\u00f3n TyPA<\/span><\/a><span data-contrast=\"auto\">. <\/span><span data-contrast=\"auto\">Teor\u00eda y Pr\u00e1ctica de las Artes, Argentina.<\/span><span data-ccp-props=\"{&quot;134233117&quot;:false,&quot;134233118&quot;:false,&quot;201341983&quot;:0,&quot;335557856&quot;:16777215,&quot;335559738&quot;:0,&quot;335559739&quot;:0,&quot;335559740&quot;:240}\">\u00a0<\/span><\/p><p><span data-contrast=\"auto\">Secretario de Patrimonio Cultural de Argentina (2016), y previamente\u202f<\/span><span data-contrast=\"auto\">Director Nacional de Patrimonio y Museos de la Argentina<\/span><span data-contrast=\"auto\">\u202f(2003-2007). Director del\u202f<\/span><span data-contrast=\"auto\">Museo Nacional de Bellas Artes<\/span><span data-contrast=\"auto\">\u202f((MNBA, 2005-2007) donde logr\u00f3 con \u00e9xito modificar su estructura de funcionamiento. Dirigi\u00f3 el \u00e1rea cultural de la\u202f<\/span><span data-contrast=\"auto\">Fundaci\u00f3n Antorchas<\/span><span data-contrast=\"auto\">\u202f(1992-2003). Co-director de la conferencia mundial:\u202f<\/span><i><span data-contrast=\"auto\">Museums and Libraries in an Era of Social Participation<\/span><\/i><span data-contrast=\"auto\">\u202f(Salzburgo, 2011). Como artista visual ha representado a la Argentina en bienales como la de S\u00e3o Paulo, Par\u00eds, y ha recibido, entre otros, los primeros premios nacional y municipal de grabado.<\/span><span data-ccp-props=\"{&quot;134233117&quot;:false,&quot;134233118&quot;:false,&quot;201341983&quot;:0,&quot;335557856&quot;:16777215,&quot;335559738&quot;:0,&quot;335559739&quot;:0,&quot;335559740&quot;:240}\">\u00a0<\/span><\/p><p><span data-contrast=\"auto\">Desde 2013 es el Director Acad\u00e9mico del\u202f<\/span><a href=\"https:\/\/www.typa.org.ar\/es\/museos.php\"><span data-contrast=\"auto\">Laboratorio TyPA de Gesti\u00f3n en Museos<\/span><\/a><span data-contrast=\"auto\">. Es profesor honorario de la carrera de Museum Studies de la University of Leicester (GB). Dirigi\u00f3 el libro\u202f<\/span><i><span data-contrast=\"auto\">El Museo en Escena. Pol\u00edtica y Cultura en Am\u00e9rica Latina<\/span><\/i><span data-contrast=\"auto\">\u202f(Ed. Paid\u00f3s, Buenos Aires, 2010).<\/span><span data-ccp-props=\"{&quot;134233117&quot;:false,&quot;134233118&quot;:false,&quot;201341983&quot;:0,&quot;335557856&quot;:16777215,&quot;335559738&quot;:0,&quot;335559739&quot;:0,&quot;335559740&quot;:240}\">\u00a0<\/span><\/p>\t\t\t\t\t\t\t\t<\/div>\n\t\t\t\t<\/div>\n\t\t\t\t\t<\/div>\n\t\t\t\t<\/div>\n\t\t\t\t<\/div>\n\t\t","protected":false},"excerpt":{"rendered":"<p>Am\u00e9rico Castilla Am\u00e9rico Castilla (Argentina)\u202fes el director y creador de la\u202fFundaci\u00f3n TyPA. Teor\u00eda y Pr\u00e1ctica de las Artes, Argentina.\u00a0 Secretario [&hellip;]<\/p>\n","protected":false},"author":18,"featured_media":0,"parent":6,"menu_order":0,"comment_status":"closed","ping_status":"closed","template":"","meta":{"site-sidebar-layout":"no-sidebar","site-content-layout":"","ast-site-content-layout":"full-width-container","site-content-style":"default","site-sidebar-style":"default","ast-global-header-display":"","ast-banner-title-visibility":"","ast-main-header-display":"","ast-hfb-above-header-display":"","ast-hfb-below-header-display":"","ast-hfb-mobile-header-display":"","site-post-title":"disabled","ast-breadcrumbs-content":"","ast-featured-img":"disabled","footer-sml-layout":"","ast-disable-related-posts":"","theme-transparent-header-meta":"","adv-header-id-meta":"","stick-header-meta":"","header-above-stick-meta":"","header-main-stick-meta":"","header-below-stick-meta":"","astra-migrate-meta-layouts":"default","ast-page-background-enabled":"default","ast-page-background-meta":{"desktop":{"background-color":"var(--ast-global-color-4)","background-image":"","background-repeat":"repeat","background-position":"center center","background-size":"auto","background-attachment":"scroll","background-type":"","background-media":"","overlay-type":"","overlay-color":"","overlay-opacity":"","overlay-gradient":""},"tablet":{"background-color":"","background-image":"","background-repeat":"repeat","background-position":"center center","background-size":"auto","background-attachment":"scroll","background-type":"","background-media":"","overlay-type":"","overlay-color":"","overlay-opacity":"","overlay-gradient":""},"mobile":{"background-color":"","background-image":"","background-repeat":"repeat","background-position":"center center","background-size":"auto","background-attachment":"scroll","background-type":"","background-media":"","overlay-type":"","overlay-color":"","overlay-opacity":"","overlay-gradient":""}},"ast-content-background-meta":{"desktop":{"background-color":"var(--ast-global-color-5)","background-image":"","background-repeat":"repeat","background-position":"center center","background-size":"auto","background-attachment":"scroll","background-type":"","background-media":"","overlay-type":"","overlay-color":"","overlay-opacity":"","overlay-gradient":""},"tablet":{"background-color":"var(--ast-global-color-5)","background-image":"","background-repeat":"repeat","background-position":"center center","background-size":"auto","background-attachment":"scroll","background-type":"","background-media":"","overlay-type":"","overlay-color":"","overlay-opacity":"","overlay-gradient":""},"mobile":{"background-color":"var(--ast-global-color-5)","background-image":"","background-repeat":"repeat","background-position":"center center","background-size":"auto","background-attachment":"scroll","background-type":"","background-media":"","overlay-type":"","overlay-color":"","overlay-opacity":"","overlay-gradient":""}},"footnotes":""},"class_list":["post-166","page","type-page","status-publish","hentry"],"_links":{"self":[{"href":"https:\/\/remed.webs.upv.es\/cimed2025\/wp-json\/wp\/v2\/pages\/166","targetHints":{"allow":["GET"]}}],"collection":[{"href":"https:\/\/remed.webs.upv.es\/cimed2025\/wp-json\/wp\/v2\/pages"}],"about":[{"href":"https:\/\/remed.webs.upv.es\/cimed2025\/wp-json\/wp\/v2\/types\/page"}],"author":[{"embeddable":true,"href":"https:\/\/remed.webs.upv.es\/cimed2025\/wp-json\/wp\/v2\/users\/18"}],"replies":[{"embeddable":true,"href":"https:\/\/remed.webs.upv.es\/cimed2025\/wp-json\/wp\/v2\/comments?post=166"}],"version-history":[{"count":12,"href":"https:\/\/remed.webs.upv.es\/cimed2025\/wp-json\/wp\/v2\/pages\/166\/revisions"}],"predecessor-version":[{"id":227,"href":"https:\/\/remed.webs.upv.es\/cimed2025\/wp-json\/wp\/v2\/pages\/166\/revisions\/227"}],"up":[{"embeddable":true,"href":"https:\/\/remed.webs.upv.es\/cimed2025\/wp-json\/wp\/v2\/pages\/6"}],"wp:attachment":[{"href":"https:\/\/remed.webs.upv.es\/cimed2025\/wp-json\/wp\/v2\/media?parent=166"}],"curies":[{"name":"wp","href":"https:\/\/api.w.org\/{rel}","templated":true}]}}